6?
False
Is 1737430254 a multiple of 21?
True
Does 75 divide 16177025?
False
Is 47212188 a multiple of 19?
True
Does 226 divide 415673133?
False
Is 39529742 a multiple of 191?
True
Is 42360874 a multiple of 2057?
False
Is 233270100 a multiple of 350?
True
Does 133 divide 75003089?
True
Does 9 divide 75838203?
True
Is 6 a factor of 7429495?
False
Is 644210420 a multiple of 1309?
False
Does 10 divide 1566257840?
True
Is 23 a factor of 3979984?
False
Is 21 a factor of 2854005?
True
Does 846 divide 315021636?
True
Is 4167933 a multiple of 77?
True
Is 36 a factor of 314416816?
False
Does 6 divide 56693706?
True
Is 39313456 a multiple of 13?
True
Is 99971564 a multiple of 89?
True
Does 1197 divide 428249493?
True
Is 5 a factor of 1725745?
True
Does 29 divide 111568822?
False
Is 105 a factor of 664442520?
True
Is 23 a factor of 4327512?
False
Is 3885308770 a multiple of 35?
True
Is 5 a factor of 17957615?
True
Does 357 divide 2492736078?
True
Is 43 a factor of 2586718?
False
Is 23 a factor of 61902361?
True
Is 80 a factor of 154549553?
False
Is 35261209 a multiple of 132?
False
Is 179 a factor of 118339227?
True
Does 107 divide 99675529?
True
Is 244 a factor of 681724475?
False
Is 335310766 a multiple of 14?
True
Is 155 a factor of 24180853?
False
Is 9387198 a multiple of 393?
True
Is 3962048 a multiple of 4?
True
Does 1040 divide 122486000?
True
Is 94 a factor of 64749738?
True
Is 667749213 a multiple of 7287?
False
Does 423 divide 426030372?
True
Is 688825528 a multiple of 78?
False
Does 304 divide 13681016?
False
Does 2551 divide 4998619071?
False
Is 17 a factor of 290307878?
True
Is 15604284 a multiple of 372?
True
Does 35 divide 53232148?
False
Is 269835245 a multiple of 269?
True
Does 28 divide 916472172?
True
Is 72 a factor of 143538313?
False
Is 1925 a factor of 101592133?
False
Does 14 divide 30438968?
True
Is 16 a factor of 281291098?
False
Does 32 divide 100055539?
False
Does 242 divide 10393174?
True
Is 1008 a factor of 51447464?
False
Does 1765 divide 709132875?
True
Is 941 a factor of 592970209?
True
Is 15155897 a multiple of 1003?
False
Is 55880354 a multiple of 18?
False
Is 6128585 a multiple of 40?
False
Is 566739535 a multiple of 792?
False
Is 193685184 a multiple of 4928?
True
Is 526954267 a multiple of 719?
False
Is 15 a factor of 147982425?
True
Is 78182496 a multiple of 42?
True
Is 5853275 a multiple of 361?
False
Does 6 divide 3518341?
False
Is 288779138 a multiple of 3?
False
Is 594074548 a multiple of 229?
True
Does 3053 divide 15546805?
False
Is 70693638 a multiple of 9?
False
Is 620444376 even?
True
Is 13 a factor of 51104898?
True
Does 4385 divide 323446370?
True
Is 7919 a factor of 638714864?
True
Is 185862161 a multiple of 13?
False
Is 2623558 a multiple of 19?
True
Does 815 divide 137599937?
False
Does 3286 divide 375446021?
False
Does 8 divide 17799892?
False
Is 28 a factor of 2104983188?
True
Does 105 divide 143887800?
True
Does 495 divide 241812450?
True
Is 306825159 a multiple of 45?
False
Is 44 a factor of 1121739740?
True
Does 1949 divide 6012665?
True
Is 250462340 a multiple of 61?
True
Is 24 a factor of 57977160?
True
Is 17 a factor of 239076287?
True
Is 155174551 a multiple of 404?
False
Is 20 a factor of 206447800?
True
Does 21 divide 34336554?
True
Is 759 a factor of 385137321?
False
Is 179 a factor of 616610608?
True
Is 661 a factor of 159367761?
True
Is 28 a factor of 494737173?
False
Is 2736164970 a multiple of 462?
True
Is 645261574 a multiple of 7918?
True
Is 886 a factor of 146392008?
True
Is 22 a factor of 2970953?
False
Does 704 divide 20503296?
True
Does 70 divide 131195540?
True
Is 49634390 a multiple of 3229?
False
Is 135760009 a multiple of 77?
True
Is 698398028 a multiple of 2858?
True
Is 17497386 a multiple of 164?
False
Is 132 a factor of 1595204175?
False
Does 118 divide 1845002334?
True
Is 72 a factor of 1844782560?
True
Is 365749500 a multiple of 370?
False
Is 27 a factor of 1308879?
True
Is 974 a factor of 75794732?
True
Is 341 a factor of 42785952?
True
Does 28 divide 16000908?
True
Is 4347468 a multiple of 20?
False
Does 22 divide 15871702?
True
Does 1772 divide 110354113?
False
Is 12 a factor of 11921870?
False
Is 165 a factor of 47154834?
False
Is 16 a factor of 263352128?
True
Is 2167 a factor of 460944737?
True
Does 1529 divide 6359293?
False
Is 19544220 a multiple of 30?
True
Is 397742 a multiple of 2801?
True
Does 5 divide 1283476260?
True
Is 499302252 a multiple of 892?
False
Is 16 a factor of 29554752?
True
Is 49877933 a multiple of 2729?
True
Does 3 divide 553655904?
True
Is 17630992 a multiple of 8?
True
Is 211 a factor of 8156205?
True
Does 411 divide 1016843181?
True
Does 5 divide 242529045?
True
Is 260040686 a multiple of 2177?
False
Is 617 a factor of 20656952?
False
Is 757 a factor of 1871981515?
True
Is 51057157 a multiple of 9?
False
Does 225 divide 690525?
True
Is 20 a factor of 130452980?
True
Is 4760 a factor of 4142086055?
False
Is 208 a factor of 32262862?
False
Is 39895325 a multiple of 244?
False
Does 936 divide 441163008?
True
Is 1016 a factor of 799184013?
False
Is 8371629 a multiple of 21?
True
Does 8 divide 5492356?
False
Does 14 divide 174187253?
False
Is 3121 a factor of 716553511?
True
Is 7 a factor of 133447185?
False
Is 41133187 a multiple of 485?
False
Is 3429226671 a multiple of 10?
False
Is 140367139 a multiple of 1033?
True
Is 1768475250 a multiple of 13173?
True
Does 454 divide 1090898894?
True
Is 8 a factor of 1493609057?
False
Does 27 divide 627942942?
True
Is 6495269 a multiple of 5?
False
Is 513569 a multiple of 5?
False
Is 11940695 a multiple of 5?
True
Is 264336335 a multiple of 555?
False
Is 7143853 a multiple of 73?
True
Is 1218622 a multiple of 64?
False
Does 6 divide 879571717?
False
Is 52 a factor of 100673396?
False
Is 75350100 a multiple of 2100?
True
Does 8883 divide 1157970114?
True
Is 57653685 a multiple of 14?
False
Is 2401134127 a multiple of 9?
False
Is 46 a factor of 17963159?
False
Is 256467692 a multiple of 3484?
True
Is 35 a factor of 10025360?
False
Is 10 a factor of 2337820950?
True
Is 168591104 a multiple of 1672?
True
Is 66385334 a multiple of 74?
False
Is 18 a factor of 636688704?
False
Does 21 divide 241108403?
False
Does 140 divide 232518948?
False
Is 58523074 a multiple of 5?
False
Is 992 a factor of 240109632?
True
Is 143723386 a multiple of 10?
False
Does 139 divide 6479819?
False
Does 86 divide 37680163?
False
Is 42 a factor of 1150902531?
False
Does 10 divide 56157737?
False
Does 1190 divide 5046790?
True
Is 324151788 a multiple of 92?
True
Is 15141168 a multiple of 18?
True
Is 77531005 a multiple of 1291?
True
Does 3205 divide 38427751?
False
Is 5266341 a multiple of 223?
False
Is 2509369200 a multiple of 1560?
True
Is 10168832 even?
True
Does 8 divide 10840125?
False
Does 8974 divide 856406768?
True
Is 154781149 a multiple of 29?
True
Is 2153 a factor of 47094722?
True
Is 1313743676 a multiple of 19?
True
Does 6454 divide 231240208?
False
Is 5765242 a multiple of 4?
False
Does 31 divide 18145354?
True
Does 19 divide 8677488?
False
Is 862462323 a multiple of 18?
False
Is 30743562 a multiple of 3?
True
Does 842 divide 31660124?
False
Does 138 divide 32142132?
True
Is 11 a factor of 106548583?
False
Is 5568928 a multiple of 29?
True
Does 2216 divide 97098472?
True
Does 12 divide 76346569?
False
Does 105 divide 1324167764?
False
Is 227 a factor of 13773906?
True
Is 99428711 a multiple of 5?
False
Does 57 divide 167086492?
False
Does 2742 divide 660364086?
True
Is 18890268 a multiple of 12?
True
Is 6 a factor of 746214979?
False
Does 2267 divide 282098216?
False
Does 69 divide 251386166?
False
Is 1474 a factor of 59804602?
True
Is 206945948 a multiple of 9225?
False
Is 142 a factor of 625255002?
False
Is 176 a factor of 561265?
False
Does 444 divide 838366572?
True
Is 388112051 a multiple of 234?
False
Is 82 a factor of 2506623111?
False
Is 38689248 a multiple of 754?
True
Is 523727308 a multiple of 26?
True
Does 10 divide 81143542?
False
Does 1250 divide 593236337?
False
Is 127610321 a multiple of 85?
False
Does 126 divide 13824960?
False
Is 9003909 a multiple of 136?
False
Is 90 a factor of 9540294?
False
Is 141 a factor of 718126818?
True
Does 379 divide 2118608863?
True
Is 141950156 a multiple of 1243?
False
Do